{"id":221,"date":"2014-05-10T14:43:01","date_gmt":"2014-05-10T14:43:01","guid":{"rendered":"http:\/\/tubomaquinas.com\/?page_id=221"},"modified":"2014-07-30T00:44:52","modified_gmt":"2014-07-30T00:44:52","slug":"a-empresa-fr","status":"publish","type":"page","link":"http:\/\/tubomaquinas.com\/index.php\/a-empresa-fr","title":{"rendered":"A Empresa [fr]"},"content":{"rendered":"\r\n\t\t<link rel='stylesheet' href='http:\/\/tubomaquinas.com\/wp-content\/plugins\/fluid-responsive-slideshow\/skins\/default.css' type='text\/css'>\r\n\r\n\t\t<style>\r\n\t\t#slider-a-empresapjcwrap  .timer { display: none !important; }\r\n\t\t\r\n\t\t\r\n\t\t\t#slider-a-empresapjc {\r\n\t\t \t\tmax-width:988px;\t\t\r\n\t\t\t}\r\n\t\t\t#slider-a-empresapjcwrap{\r\n\t\t\t \tmax-width:988px;\r\n\t\t\t \tmargin-left:auto;\r\n\t\t\t \tmargin-right:auto;\r\n\t\t\t}\r\n\t\t\r\n\t\t\r\n\r\n\t\t#slider-a-empresapjc .orbit-wrapper .orbit-caption {\r\n\t\t\t\tdisplay:none;\r\n\t\t\t}\r\n\r\n\t\t#slider-a-empresapjcwrap .orbit-caption h4{\r\n\t\t\tfont-size:0px;\r\n\t\t    margin:0px;\r\n\t\t    padding:3px 0px;\r\n\t\t\r\n\t\t}\r\n\t\t#slider-a-empresapjcwrap .orbit-caption p{\r\n\t\t    margin:0px;\r\n\t\t    padding:0px 0px;\r\n\t\t\r\n\t\t    font-size:10px;\r\n\t\t}\r\n\t\t\r\n\t\t#slider-a-empresapjcwrap div.slider-nav span{\r\n\t\t    top:50%;\r\n\t\t}\r\n\t\t<\/style>\r\n\t\t\r\n\t\t<!-- Slideshow generated using Fluid-Responsive-Slideshow, http:\/\/www.tonjoo.com\/wordpress-plugin-fluid-responsive-slideshow-plugin\/ -->\r\n\t\t<script>\r\n\t\t\tjQuery(document).ready(function($) {\r\n\t\t\r\n\t\t\t\t\t\tjQuery('#slider-a-empresapjc').orbit({\r\n\t\t\t\t\t\t\tanimation : 'horizontal-push', \/\/ fade, horizontal-slide, vertical-slide, horizontal-push\r\n\t\t\t\t\t\t\tanimationSpeed :  800, \/\/ how fast animtions are\r\n\t\t\t\t\t\t\ttimer :  true, \/\/ true or false to have the timer\r\n\t\t\t\t\t\t\tadvanceSpeed :   2500, \/\/ if timer is enabled, time between transitions\r\n\t\t\t\t\t\t\tpauseOnHover : true, \/\/ if you hover pauses the slider\r\n\t\t\t\t\t\t\tstartClockOnMouseOut :  true, \/\/ if clock should start on MouseOut\r\n\t\t\t\t\t\t\tstartClockOnMouseOutAfter :  800, \/\/ how long after MouseOut should the timer start again\r\n\t\t\t\t\t\t\tdirectionalNav :  true, \/\/ manual advancing directional navs\r\n\t\t\t\t\t\t\tcaptions : true, \/\/ do you want captions?\r\n\t\t\t\t\t\t\tcaptionAnimation : 'fade', \/\/ fade, slideOpen, none\r\n\t\t\t\t\t\t\tcaptionAnimationSpeed : 800, \/\/ if so how quickly should they animate in\r\n\t\t\t\t\t\t\tbullets :  true, \/\/ true or false to activate the bullet navigation\r\n\t\t\t\t\t\t\tbulletThumbs : true, \/\/ thumbnails for the bullets\r\n\t\t\t\t\t\t\tbulletThumbLocation : '', \/\/ location from this file where thumbs will be\r\n\t\t\t\t\t\t\tnavigationSmallTreshold:  600,\r\n\t\t\t\t\t\t\tnavigationSmall:   true,\r\n\t\t\t\t\t\t\tskinClass: 'default'\r\n\t\t\t\t\t\t});\r\n\t\t\t\t\t\r\n\t\t\t})\r\n\t\t\r\n\t\t<\/script>\r\n\t\t<!--[if lt IE 9]>\r\n\t\t\t<style type='text\/css'>\r\n\t\t\t#slider-a-empresapjcwrap  .timer { display: none !important; }\r\n\t\t\t#slider-a-empresapjcwrap  div.caption { background:transparent; filter:progid:DXImageTransform.Microsoft.gradient(startColorstr=#99000000,endColorstr=#99000000);zoom: 1; }\r\n\t\t\t<\/style>\r\n\t\t<![endif]-->\r\n\t\t\r\n\t\t<div class='pjc-slideshow-container'>\r\n\t\t\t<div class='featured' id='slider-a-empresapjc'>\r\n\t\t\t<div data-caption='#captionslider-a-empresapjc1' class='first-slide'><a title='#' href='#' ><img src=http:\/\/tubomaquinas.com\/wp-content\/uploads\/2014\/05\/11.jpg \/><\/a><\/div><div data-caption='#captionslider-a-empresapjc2' class='pjc-preload' ><a title='#' href='#'   ><img src='http:\/\/tubomaquinas.com\/wp-content\/uploads\/2014\/05\/21.jpg' alt='' \/><\/a><\/div><div data-caption='#captionslider-a-empresapjc3' class='pjc-preload' ><a title='#' href='#'   ><img src='http:\/\/tubomaquinas.com\/wp-content\/uploads\/2014\/05\/31.jpg' alt='' \/><\/a><\/div><div data-caption='#captionslider-a-empresapjc4' class='pjc-preload' ><a title='#' href='#'   ><img src='http:\/\/tubomaquinas.com\/wp-content\/uploads\/2014\/05\/41.jpg' alt='' \/><\/a><\/div>\r\n\t\t\t<\/div>\r\n\t\t\t\r\n\t\t<\/div>\r\n\t\t\r\n\t\r\n\r\n\t\t\r\n\t\t\n<h2>L&#8217;entreprise<\/h2>\n<p>Fond\u00e9e en 1985 \u00e0 ses premi\u00e8res installations \u00e0 Santa Clara, notre soci\u00e9t\u00e9 a \u00e9t\u00e9 foulait au fil des ans un chemin de l&#8217;\u00e9volution, \u00e0 la suite des modifications techniques qui se produisent tout le temps, et en cherchant \u00e0 \u00e9tablir des relations avec les meilleurs fournisseurs et des marques disponibles sur le march\u00e9, national et international. Mettant en vedette les meilleures solutions, toujours au meilleur prix.<\/p>\n<p>Refl\u00e9tant cette m\u00eame voie d&#8217;\u00e9volution, notre soci\u00e9t\u00e9 est aujourd&#8217;hui dans ses installations actuelles dans le Haut Romeiras, entrep\u00f4t 12, Eiras.<\/p>\n<p>Ici, nous avons non seulement des installations plus grandes, plus d&#8217;\u00e9quipements et une plus grande diversit\u00e9 de mat\u00e9riaux \u00e0 votre disposition, mais comme toujours, avec le service et la disponibilit\u00e9 qui nous caract\u00e9risent, depuis 1985, \u00e0 travers deux g\u00e9n\u00e9rations de la m\u00eame famille. Notre famille et votre famille depuis plus de 25 ann\u00e9es Tubom\u00e1quinas.<\/p>\n<h3>Que faisons-nous?<\/h3>\n<p><span style=\"color: black;\">Situ\u00e9 \u00e0 Coimbra de la fondation, la Tubom\u00e1quinas Ltd est une soci\u00e9t\u00e9 ax\u00e9e sur la famille, \u00e9tablie depuis plus de vingt-cinq ans, dont l&#8217;activit\u00e9 rel\u00e8ve principalement, mais pas exclusivement, dans les domaines de l&#8217;hydraulique et de la pneumatique.<\/span><\/p>\n<p><span style=\"color: black;\">Avec une vaste exp\u00e9rience, nous vous pr\u00e9sentons une gamme compl\u00e8te et vari\u00e9e de produits disponibles pour nos clients.<\/span><\/p>\n","protected":false},"excerpt":{"rendered":"<p>L&#8217;entreprise Fond\u00e9e en 1985 \u00e0 ses premi\u00e8res installations \u00e0 Santa Clara, notre soci\u00e9t\u00e9 a \u00e9t\u00e9 foulait au fil des ans un chemin de l&#8217;\u00e9volution, \u00e0 <span class=\"ellipsis\">&hellip;<\/span> <span class=\"entry-more-link-wrapper\"><a href=\"http:\/\/tubomaquinas.com\/pjc_slideshow\/slide02img04\" class=\"entry-more-link entry-more-link-excerpt btn btn-primary\"><span>Read More<\/span><\/a><\/span><\/p>\n","protected":false},"author":1,"featured_media":0,"parent":0,"menu_order":0,"comment_status":"closed","ping_status":"open","template":"template-full-width.php","meta":[],"_links":{"self":[{"href":"http:\/\/tubomaquinas.com\/index.php\/wp-json\/wp\/v2\/pages\/221"}],"collection":[{"href":"http:\/\/tubomaquinas.com\/index.php\/wp-json\/wp\/v2\/pages"}],"about":[{"href":"http:\/\/tubomaquinas.com\/index.php\/wp-json\/wp\/v2\/types\/page"}],"author":[{"embeddable":true,"href":"http:\/\/tubomaquinas.com\/index.php\/wp-json\/wp\/v2\/users\/1"}],"replies":[{"embeddable":true,"href":"http:\/\/tubomaquinas.com\/index.php\/wp-json\/wp\/v2\/comments?post=221"}],"version-history":[{"count":2,"href":"http:\/\/tubomaquinas.com\/index.php\/wp-json\/wp\/v2\/pages\/221\/revisions"}],"predecessor-version":[{"id":303,"href":"http:\/\/tubomaquinas.com\/index.php\/wp-json\/wp\/v2\/pages\/221\/revisions\/303"}],"wp:attachment":[{"href":"http:\/\/tubomaquinas.com\/index.php\/wp-json\/wp\/v2\/media?parent=221"}],"curies":[{"name":"wp","href":"https:\/\/api.w.org\/{rel}","templated":true}]}}